 What is the units digit of f(5)?
8
Let a(x) = x**3 + 13*x**2 - 13*x + 8. Let q be a(-14). What is the units digit of (-112)/q*(-105)/(-10)?
6
Suppose -5 = 3*w - 35. Let z = w - -25. What is the units digit of z?
5
Suppose -6*c + 8*c - 2*k = 436, -c + 3*k = -222. What is the tens digit of c?
1
Let a be (-465)/(-9) - (-4)/(-6). Suppose -43 = -s + a. What is the tens digit of s?
9
What is the units digit of (-2312)/(-5) + (24/10)/(-6)?
2
Suppose 137*g = 146*g - 225. What is the units digit of g?
5
Suppose 2*g = 7*g. Suppose g = 4*k + 5*x + 12, 5*k - x = -2*x - 15. What is the units digit of -1*(k + -15 + 1)?
7
Suppose -946 - 278 = -3*o. What is the tens digit of o?
0
Let n(a) = 236*a**3 - 2*a**2 + 1. Let t be n(1). Suppose -46 = 3*u - t. Suppose -5*c + 2*c + u = 0. What is the units digit of c?
1
Let s be ((-60)/14)/(2*(-3)/42). Suppose -251 = -5*d + 34. Let a = d - s. What is the tens digit of a?
2
Let m = -640 - -1390. What is the hundreds digit of m?
7
Suppose -14 = -5*m - 4. Suppose m*i = 148 + 72. What is the tens digit of i?
1
Let f(j) = -15*j + 12. Let r be f(-5). Let t be 47 + 3 + -3 + 3. Let p = r - t. What is the tens digit of p?
3
Let m(n) = -25*n - 32. What is the tens digit of m(-24)?
6
Let y(r) = r**3 + 8*r**2 - 10*r - 7. Let p be y(-8). Let j = p + -40. What is the units digit of j?
3
Let c = 133 - 129. What is the units digit of (-1 + (-29)/3)*(-6)/c?
6
Suppose 4*y = -4*i - 436, -3*y - i - 4*i = 337. Let k = -36 - y. What is the tens digit of k?
6
What is the hundreds digit of (1180/(-354))/((2/(-309))/1)?
5
Suppose r - 2252 = -0*r. What is the tens digit of r?
5
Suppose -3*k - 47 = -0*l - l, -3*l - 3*k = -189. Suppose q - l - 160 = -4*h, h - 4*q = 59. What is the units digit of h?
5
Let t(o) = -261*o**2 - 4*o + 2. Let s be t(-2). Let q = -658 - s. Suppose 0 = -2*a - 8, -k - 4*k = a - q. What is the tens digit of k?
7
Suppose 0 = 4*j - 11 - 285. Suppose -u + j = u. What is the tens digit of u?
3
Suppose 463 + 11867 = 15*j. What is the tens digit of j?
2
Let v = -30 + 21. Let o = v + 82. What is the units digit of o?
3
Let s = 20 - 23. What is the hundreds digit of 42/(-28)*250/s?
1
Suppose -8*f - 2*r - 2144 = -11*f, 2*f = -2*r + 1426. What is the tens digit of f?
1
Suppose -4*l + 3*u - 2 = 1, l + 7 = 2*u. Let y(f) = -4 + 2 + 2*f**2 - f**l - 2*f - 3*f - 6*f**2. What is the tens digit of y(-5)?
4
Let l = -123 - -146. Suppose -w + 3*m = 12, 4*w = m - 26 - 11. Let o = l + w. What is the units digit of o?
4
Let w = -38 - -42. What is the tens digit of (-1194)/(-13) + w/26?
9
Suppose 0 = -4*d + 2*o + 6262, -3*o + 28 = 13. What is the tens digit of d?
6
Suppose -4*m + 11 + 17 = 4*b, -4*b = -2*m - 22. Suppose 2*p = 4*a + 114, -b - 2 = 2*a. What is the tens digit of p?
4
Let w = 61 - 70. What is the units digit of 1 + (-1551)/w - 5/15?
3
Suppose -2 = -3*y + 13. Let t(z) = 4*z**2 - 7*z - 11. What is the tens digit of t(y)?
5
Suppose 7*o - 9634 = 656. What is the hundreds digit of o?
4
Let d(m) = -24 - 2*m - 4*m - m. What is the tens digit of d(-6)?
1
Suppose -5*t = -10*t - 4*r + 7397, -3*r = -4*t + 5930. What is the units digit of t?
1
Suppose 0 = 6*d - 11*d + 2075. Suppose 5*u - f = -0*f + d, 5*u - 410 = 2*f. What is the tens digit of (-3)/((45/u)/(-5))?
2
Let y = 12 - 10. Suppose 0 = -y*a + 3*n - 27, 2*n - n = 2*a + 17. What is the tens digit of (28/a)/(2/(-6))?
1
Suppose 0 = -8*i - 3*i + 10637. What is the tens digit of i?
6
Let d(f) be the third derivative of -f**4/24 - 5*f**3/6 + 4*f**2. Let l be d(-5). Suppose -r + 12 = -4*r, -2*h - 3*r = l. What is the units digit of h?
6
Suppose -2*s - 2*s = 432. Let y = 196 + s. Suppose 5*g - y = 62. What is the tens digit of g?
3
Let z = 2111 + -1003. What is the thousands digit of z?
1
Let d = 2420 + -2260. What is the hundreds digit of d?
1
Suppose 258 = 7*a - 1282. Suppose 4*y + 170 = 2*u + u, 4*u - a = 4*y. What is the units digit of u?
0
Suppose 2*x + 247 = 1. Let p = -25 - x. What is the units digit of p?
8
Let o be -5 - ((-1 - 3) + -192). Suppose -3*r + 758 = 4*a - r, o = a + r. What is the units digit of a?
8
Suppose -5*y + 0*m = -4*m - 1733, -347 = -y + m. Suppose -549 - y = -6*o. What is the units digit of o?
9
Suppose w - 35 = 273. What is the tens digit of w?
0
Suppose -8*h - 64 = -16. What is the tens digit of h/(-9)*(44 + -2)?
2
Suppose -2*s = 3*s - 5. Suppose 0 = -6*p + p + 3*c + 40, 3*c + 29 = 4*p. What is the units digit of p + (-2 - 0/s)?
9
Let k(n) = n + 9. Let d be k(-6). Let w(v) = v**3 + 2*v**2 - 6*v + 6. What is the units digit of w(d)?
3
Let x(u) = u**2 + 12*u + 21. Suppose 56 = -4*b + 2*a, a = -4*b - 2*a - 46. Let n be x(b). Suppose 161 = 3*g - n. What is the tens digit of g?
6
Suppose -k - 8 = -2*r, r = 3*k + k - 3. Suppose -h + k = -6. Let a = 28 - h. What is the units digit of a?
0
Let j = -641 - -1340. What is the units digit of j?
9
Let g(l) = l**2 - 1. Let p(x) = -2*x**2 - x + 6. Let d(m) = 3*g(m) + p(m). What is the hundreds digit of d(12)?
1
Let s(k) = -2*k**2 - 19*k - 9. Let n be s(-9). Suppose 2*y + 2*a - 150 = n, 4*a = -4*y + a + 305. What is the units digit of y?
0
What is the hundreds digit of ((-80)/(-20))/((-2)/(-1497))?
9
Suppose -5*i = -2*i. Let w(r) = r**3 - r**2 + r + 11. Let m be w(i). Let v = m - -7. What is the units digit of v?
8
Suppose -3*m - 9 = -5*n, -5*n + 21 = -0*n + 3*m. Suppose -2*i + 5 = -3*s, -n*i - 21 = s + 4*s. What is the units digit of ((-8)/(-12))/(i/(-39))?
3
Let v(i) = -i**3 - 2*i**2 - 4. Let k be v(-3). Suppose -p + r = p - 9, k = -r. Let w(g) = 9*g**2 - 5*g + 2. What is the units digit of w(p)?
8
Let u = 458 + 505. What is the units digit of u?
3
Let n = -87 - -89. Suppose 2*g - 2*l + 3*l = 144, -3*l = n*g - 140. What is the units digit of g?
3
Let w(t) = 12*t**2 - 7 + 5*t - 11*t**2 - 8. Let x be w(6). Let g = x - 16. What is the tens digit of g?
3
Let x(r) = -55*r + 1. Let z be x(-2). Suppose 0 = 4*s + 2*c + 176 - 616, -z = -s - c. What is the units digit of s?
9
Let h(j) = 54*j**3 - 3*j**2 - 26*j + 69. What is the thousands digit of h(3)?
1
Suppose -803 = 4*d + k, 525 = -4*d - 2*k - 277. Let b = -61 - d. What is the units digit of b?
0
Let c(n) = 5*n**2 + 2*n - 5. Let a(v) = v + 1. Let t(l) = 2*a(l) + c(l). Let x = 6 + -4. What is the units digit of t(x)?
5
Suppose 0 = -2*f + 2*a - 98, -f = f + 2*a + 82. Let i = f - -16. Let q = -7 - i. What is the tens digit of q?
2
Let n(k) = -k**3 - 9*k**2 - k + 15. Let t be n(-9). Suppose t = c + 2. What is the units digit of c?
2
Suppose 5*c - 2581 - 2284 = 0. What is the tens digit of c?
7
Let c = -1195 - -1888. What is the tens digit of c?
9
Let y(l) = -35*l + 144. What is the tens digit of y(-12)?
6
Suppose -395*h + 110580 = -365*h. What is the units digit of h?
6
Suppose 26*h = 110375 - 39941. What is the thousands digit of h?
2
Let p = 1269 + -853. What is the hundreds digit of p?
4
Suppose -16*u + 12*u = -8. What is the tens digit of -1 + 2*(0 + u) + 173?
7
Let d be -2 + 3 - (-6)/1. Let v(o) = 3*o**3 - 19*o**2 + 10*o - 3. What is the units digit of v(d)?
5
Let z = -8 - -17. Suppose -2*x + 10 = -0*x. Suppose 4*c - x*y = 95, z = -0*y - 3*y. What is the units digit of c?
0
Let v be 25*(43/(-15) + 3/(-9)). Let b = 88 + v. What is the units digit of b?
8
Let h be 2/3 + 364/(-42). What is the units digit of (1 + h/12)*6?
2
Suppose 4*z - 1604 = -4*r, -5*r - z + 2013 = -0*z. What is the units digit of r?
3
Suppose h - 51 = -2*h. Let b = h + -16. What is the units digit of b/2 - 1581/(-34)?
7
What is the tens digit of 4*-40*(5 + -7 + 1)?
6
Let w(d) = -d + 17. Let z be w(12). Suppose 8 - 43 = z*b. Let x = b + 14. What is the units digit of x?
7
Suppose -5*t + 86 = -164. What is the tens digit of t?
5
Let q = 1555 - -676. What is the tens digit of q?
3
Suppose -2*a + 3*a - 4 = -2*m, m = 4*a - 34. Suppose -2*i = -a*i. Suppose 2*s - 97 + 29 = i. What is the tens digit of s?
3
Suppose -19 - 41 = 5*t. Let c = 13 + t. Suppose 0 = -3*w + 5*n + 19, 4*w - 3*n - 30 = -c. What is the units digit of w?
8
Let z = 3715 - 2271. What is the units digit of z?
4
Let d(b) = b + 19. Let x be d(-9). What is the hundreds digit of 14/(-4)*(-5)/(x/68)?
1
What is the hundreds digit of (4*62/12)/(18/459)?
5
Let d = 34 + -32. Suppose -d*h + 14 = 4, -4*t - 2*h + 46 = 0. What is the units digit of t?
9
Let q = 12 + -7